-s + 11. Suppose 4*q + 10 = f, 0*q - 3*f - 12 = 2*q. Let m be (q/(-3))/((-3)/(-21)). What is the units digit of g(m)?
4
Let g = -6 + 355. What is the hundreds digit of g?
3
Let z = -4 - -9. Suppose z = 7*u - 6*u. Suppose u*o + 3*d - 113 - 9 = 0, 26 = o - d. What is the units digit of o?
5
Let j(w) = -52*w - 37. What is the hundreds digit of j(-79)?
0
Let j be -10 - 6/(6/2). Let i = 81 + -50. Let q = i + j. What is the tens digit of q?
1
Suppose -109*c + 95*c + 8008 = 0. What is the tens digit of c?
7
Suppose -11*h + 82*h - 45724 = 0. What is the hundreds digit of h?
6
Let h = 9 - 22. Let w = -12 - h. What is the units digit of w?
1
Suppose -21*z = -17056 - 50774. What is the thousands digit of z?
3
Suppose 5*x - 3 = 7. Suppose x*o = -o + 9. Suppose -k = -o - 8. What is the tens digit of k?
1
Let r = 142 - 50. Suppose 4*t - 536 = -r. What is the tens digit of t?
1
Let p(v) = v**3 + 11*v**2 - v - 2. Let q be p(-11). What is the tens digit of (4 - -2)*q/(54/20)?
2
Let g be (16 + -10)*(4 + 0). Let z = -21 + g. What is the units digit of z?
3
Let d(k) = -k**3 - 3*k**2 + 4*k + 6. Let c be d(-4). Let i(m) = m - 4*m - c + 0*m + 5*m. What is the units digit of i(5)?
4
Let i(m) = 2*m**3 + 60*m**2 - 3*m + 8. What is the tens digit of i(4)?
8
Let h(j) be the first derivative of 5*j - 3*j - 3 + 5*j**2 - 3 + 3. What is the units digit of h(7)?
2
Let x be (-632)/(-56) + 2/(-7). Let k = x - 15. What is the units digit of 6/k*(4 + -32)?
2
What is the units digit of -2 + (-29)/(58/(-2388))?
2
Let b be 12/(-18)*18/(-4). Suppose 157 = 3*s - 4*h - h, -112 = -b*s - 4*h. What is the units digit of 2/(-8) - (-99)/s?
2
Let q(b) = 492*b + 27. What is the tens digit of q(2)?
1
Suppose -5*z = -3*o - 38, -4*z + 15 = -o - 21. Suppose -4*f + 3*f - z = -4*b, 0 = -3*b + 4*f + 14. What is the units digit of b?
2
Suppose -22*b - 1125 + 5437 = 0. What is the hundreds digit of b?
1
Suppose -51*j = -44*j - 1631. What is the hundreds digit of j?
2
Suppose -4*y + 12 = 3*n - 0*n, -2*n - 4*y = -8. Let l = 7 - n. Let w = -2 + l. What is the units digit of w?
1
Suppose -t = 6 - 7. Suppose -n + 4*a = -315, 0 = -a - 2 - t. Suppose -n = -3*b - 117. What is the units digit of b?
2
Let h = -6 - -9. Suppose f - h*g = -4*f - 24, 5*f + 2*g = -9. What is the units digit of f + -18*6/(-4)?
4
Let j(f) = -2*f + 23. Let x be j(10). Let s(a) = a**3 - 3*a - 1. What is the tens digit of s(x)?
1
Suppose 2 = -17*g + 18*g. Suppose -g*k + k + 48 = 0. What is the units digit of k?
8
Let y = -42 + 61. Let i = y + -14. Suppose -b = b + w - 15, 4*w = i*b - 18. What is the units digit of b?
6
Let i(g) = -2*g**2 + 13*g - 5. Let f be i(7). Let k(z) = -2*z**2 - 30*z - 17. What is the units digit of k(f)?
5
Let a be 3/(-2)*4/(-3). Let k be 16/(-1 + 4/a). What is the units digit of k/9 + 6/27?
2
Suppose 3*i = 9 + 9. What is the hundreds digit of 831/6 - (-3)/i?
1
Let k be ((-7)/1)/(1/(-23)). Let p = -11 + k. What is the units digit of p?
0
Suppose 6*m - 1189 = 965. What is the units digit of m?
9
What is the thousands digit of (30 - 35)*(-309 + 0)?
1
Let q be (-1 + -2)*(-184)/(-12). Let d = q - -89. Let i = 104 - d. What is the units digit of i?
1
Let i(s) = -27*s - 1. Let b be i(2). What is the hundreds digit of (-6622)/b + -1 + 16/10?
1
Let g be 4/(-18) + 3/((-108)/(-2384)). Suppose 13*a - 15*a = -g. What is the tens digit of a?
3
Let t(p) be the third derivative of -p**5/60 + p**4/4 - p**3/6 + 6*p**2. Let h be t(5). Suppose 0 = h*o - 8 - 8. What is the units digit of o?
4
Suppose -3*t + 3*i + 16059 = 0, 5*i - 7438 = -2*t + 3289. What is the thousands digit of t?
5
Suppose 7*n - 4 = 66. Suppose n*y = 585 + 1345. What is the units digit of y?
3
Let f = -5 + 9. Suppose -3*n - 2*n + 50 = 0. Suppose -2*s - 2*x = -n - 20, 26 = 2*s + f*x. What is the tens digit of s?
1
Let r(s) = -s**2 + s + 706. What is the hundreds digit of r(0)?
7
Let o(j) = 3*j**2 - 10*j - 7. Suppose 2*v = -4*q + 3*v + 1, -3*q - 12 = -5*v. Let g(r) = -r - 1. Let f(u) = q*o(u) - 5*g(u). What is the units digit of f(-3)?
0
Suppose -3*b = -b + 10. Let j(y) = -2*y**3 - 2*y + 7*y - y**3 + 2*y**3 - 3 - 3*y**2. What is the tens digit of j(b)?
2
Let c(g) = 3*g + 308. What is the units digit of c(31)?
1
Let f be 42 + (-2 - -3) - 1. Let y = 21 + f. What is the units digit of y?
3
Let q = -1359 + 1961. What is the tens digit of q?
0
Let n be 10*2*2/8. Let p be 3/(-15) + 26/n. Suppose 2*k + p*u = -2*k + 173, 0 = -4*k + 4*u + 128. What is the units digit of k?
7
Let r be (-29)/3 - 2/(-3). Let x = -7 - r. What is the units digit of (x/(-5))/(3/(-45))?
6
Suppose -3*p + 5 = 3*k - 19, p = -3*k + 18. Let c = 101 - k. What is the units digit of c?
6
Let p be (-2)/4 - 7/(-2). Suppose -4*m + 51 - p = 0. What is the tens digit of 453/m + 6/(-8)?
3
Suppose 0 = -4*d - 0*d - y + 20, -5*d + 8 = -3*y. Suppose 0*a + d*t = -4*a + 88, -3*t - 60 = -4*a. What is the tens digit of a?
1
Let r(c) = 38*c**2 + 3*c - 1. Let h be r(1). Let y = 26 - -40. Let b = y - h. What is the tens digit of b?
2
Let l = 81 + -58. Suppose l = k - 6. What is the tens digit of k?
2
Let l(v) be the first derivative of -v**2/2 - 4*v - 5. Let m be l(-7). Suppose m*y + 2*f - 185 = -0*y, 0 = -4*y + 2*f + 228. What is the units digit of y?
9
Let q(d) = 52*d - 1. Let o be q(1). Let h = o + -14. What is the tens digit of h?
3
Let x = -8 - -20. Suppose -5*p = -4*v - x, -3*v - 8 = -5*p + 6. What is the units digit of p?
4
Let y = -1 - -286. What is the hundreds digit of y?
2
Suppose 3*l + 19 - 77 = m, 5*l = -3*m + 120. Suppose -4 = -6*w + 4*w. Suppose 0 = v + 5*n - 71 + l, -w*n + 41 = v. What is the units digit of v?
5
Suppose f - 125 = -3*m, 3*f + 20 - 155 = -3*m. Let i = m - 2. Suppose 4*b = 5*a - 15 - i, 0 = -b + 3. What is the tens digit of a?
1
What is the tens digit of 542/(66/54 + -1)?
3
Suppose 3*s - 111 = -2*i, -i + 159 = 2*i + 2*s. What is the tens digit of 5/(i/25 - (-17 + 19))?
2
Suppose -g - 4*g - 102 = -2*n, 0 = -2*g. Suppose -3*d = -3*s - 96 - n, 0 = -5*s. What is the tens digit of d?
4
Let o be -1 - (3 + 6/3). Let b be 4/o*-3*2. Suppose d + b*d = 80. What is the units digit of d?
6
Let c be 7 + -11 + (2 - -5). Suppose -x + 0*x + 46 = 3*p, -5*x - 90 = -5*p. Suppose 0 = c*a, 38 = 2*d - 5*a - p. What is the units digit of d?
7
Suppose 16*x - 3*x - 6851 = 0. What is the hundreds digit of x?
5
Let x = 3402 - -1783. What is the units digit of x?
5
Suppose 63*r - 42*r - 8904 = 0. What is the tens digit of r?
2
Let f be 2 - 12 - (-2)/(-2). Suppose 3*r + 5*r = 120. Let k = r - f. What is the units digit of k?
6
Let u(v) = -30*v**3 - 5*v - 4. Let f(b) = 30*b**3 + 4*b + 3. Let n(i) = -5*f(i) - 4*u(i). What is the units digit of n(-1)?
1
Let d be 3*(-4)/(-12)*1747. Suppose -5*t = 307 - d. What is the tens digit of t?
8
Let r = 13 + -16. Let d be 4/2 + 3 + r. Suppose y + 37 = d*y. What is the units digit of y?
7
Let x = -1 - -3. Suppose 2*j - 17 = 3*i, -3*i - 13 = -x*j + j. What is the tens digit of (-2)/(-6)*-19*i?
1
What is the tens digit of (2 - (7 + -6))*192?
9
Suppose 0 = 2*m - 5*m + 33. Suppose -s = -1, 4*y = -y - 3*s + 28. Suppose y*p - p = 3*w - m, -3*w + p = -23. What is the units digit of w?
9
Suppose 3*j + y = -58, 0 = -2*j + 5*y - 37 + 4. Let w = j + 35. What is the tens digit of w?
1
Suppose 3 = 3*c + 3*m, -3*c = 5*m - 2 - 3. Suppose 3*b - 2*a - 409 = c, 3*b - 286 = b + 4*a. What is the units digit of b?
3
Suppose 0 = -u + 5*u + 4. Let g be 5/((u + -3)/(-4)). Suppose g*y + 4 - 119 = 0. What is the units digit of y?
3
Suppose -1187*q - 45600 = -1199*q. What is the hundreds digit of q?
8
Suppose 2*n - 4*n + 2*b + 6 = 0, 0 = 4*n - b - 9. Suppose -5 - 11 = 2*m - n*g, g - 44 = 4*m. Let q = m - -33. What is the units digit of q?
1
Let g = 13 + 0. Let y = 53 - g. What is the tens digit of y?
4
Suppose 0 + 40 = -5*r. What is the units digit of (-3 - 285/(-6)) + (-4)/r?
5
Let h be (0 + -8 + 2)/2. What is the units digit of h/(15/(-10)) - -4?
6
Let x be 1/4 + 7/4. What is the units digit of 124/x - (0 + -4 + 2)?
4
Let w(k) = -k. Let u(a) = 2*a + 1. Let p(m) = -2*u(m) - 5*w(m). Let f be p(4). Suppose 17 + 17 = f*c. What is the tens digit of c?
1
Let k(a) = a**3 - 6*a**2 - 4*a + 9. Suppose f = 5*f. Suppose -5*y + 6 + 29 = f. What is the tens digit of k(y)?
3
Suppose 0*t = -6*t + 8*t. What is the units dig